{"id":18,"date":"2019-12-07T15:55:34","date_gmt":"2019-12-07T14:55:34","guid":{"rendered":"http:\/\/escaledelaria-etel.com\/?page_id=18"},"modified":"2024-01-12T11:37:43","modified_gmt":"2024-01-12T10:37:43","slug":"accueil","status":"publish","type":"page","link":"https:\/\/escaledelaria-etel.com\/","title":{"rendered":"Accueil"},"content":{"rendered":"\n<p>L&rsquo; Escale de la Ria c&rsquo;est 5 chambres \u00e0 Etel dans le Morbihan, \u00e0 500m de la Ria, des plages,  du port et des restaurants.<\/p>\n\n\n\n<p>Dominique et Laurent vous proposent une pause entre terre et mer \u2026 randonn\u00e9es au bord de la Ria ou sur les dunes, baignade \u00e0 pieds, ou farniente dans la jardin c\u2019est comme vous voulez&nbsp;!&nbsp;<\/p>\n\n\n<div class=\"wp-block-image is-resized\">\n<figure class=\"aligncenter size-large\"><img loading=\"lazy\" decoding=\"async\" width=\"1024\" height=\"576\" src=\"http:\/\/escaledelaria-etel.com\/wp-content\/uploads\/2020\/05\/Image4-1024x576.jpg\" alt=\"\" class=\"wp-image-250\" srcset=\"https:\/\/escaledelaria-etel.com\/wp-content\/uploads\/2020\/05\/Image4-1024x576.jpg 1024w, https:\/\/escaledelaria-etel.com\/wp-content\/uploads\/2020\/05\/Image4-300x169.jpg 300w, https:\/\/escaledelaria-etel.com\/wp-content\/uploads\/2020\/05\/Image4-768x432.jpg 768w, https:\/\/escaledelaria-etel.com\/wp-content\/uploads\/2020\/05\/Image4-1536x864.jpg 1536w, https:\/\/escaledelaria-etel.com\/wp-content\/uploads\/2020\/05\/Image4.jpg 2000w\" sizes=\"auto, (max-width: 767px) 89vw, (max-width: 1000px) 54vw, (max-width: 1071px) 543px, 580px\" \/><\/figure>\n<\/div>\n\n\n<figure class=\"wp-block-image size-large is-resized\"><img loading=\"lazy\" decoding=\"async\" width=\"1024\" height=\"577\" src=\"https:\/\/escaledelaria-etel.com\/wp-content\/uploads\/2024\/01\/Visuel-page-accueil-site-1-1024x577.png\" alt=\"\" class=\"wp-image-884\" srcset=\"https:\/\/escaledelaria-etel.com\/wp-content\/uploads\/2024\/01\/Visuel-page-accueil-site-1-1024x577.png 1024w, https:\/\/escaledelaria-etel.com\/wp-content\/uploads\/2024\/01\/Visuel-page-accueil-site-1-300x169.png 300w, https:\/\/escaledelaria-etel.com\/wp-content\/uploads\/2024\/01\/Visuel-page-accueil-site-1-768x433.png 768w, https:\/\/escaledelaria-etel.com\/wp-content\/uploads\/2024\/01\/Visuel-page-accueil-site-1-1536x865.png 1536w, https:\/\/escaledelaria-etel.com\/wp-content\/uploads\/2024\/01\/Visuel-page-accueil-site-1.png 1640w\" sizes=\"auto, (max-width: 767px) 89vw, (max-width: 1000px) 54vw, (max-width: 1071px) 543px, 580px\" \/><\/figure>\n\n\n\n<p>Id\u00e9alement situ\u00e9e, la maison est le point de d\u00e9part pour d\u00e9couvrir des tr\u00e9sors culturels<\/p>\n\n\n\n<ul class=\"wp-block-list\">\n<li>Les sites m\u00e9galithiques de Carnac ou Erdeven, <\/li>\n\n\n\n<li>Les villes historiques  d&rsquo;Auray ou de Vannes charg\u00e9es d&rsquo;histoire,<\/li>\n\n\n\n<li>Les fortifications Vauban \u00e0 Port Louis<\/li>\n\n\n\n<li> La cit\u00e9 de la Voile \u00e0 Lorient<\/li>\n\n\n\n<li>La Presqu&rsquo;ile de Quiberon avec sa c\u00f4te sauvage et port Maria pour prendre un bateau et passer une journ\u00e9e \u00e0 Belle-Ile.<\/li>\n<\/ul>\n","protected":false},"excerpt":{"rendered":"<p>L&rsquo; Escale de la Ria c&rsquo;est 5 chambres \u00e0 Etel dans le Morbihan, \u00e0 500m de la Ria, des plages, du port et des restaurants. Dominique et Laurent vous proposent une pause entre terre et mer \u2026 randonn\u00e9es au bord de la Ria ou sur les dunes, baignade \u00e0 pieds, ou farniente dans la jardin &hellip; <\/p>\n<p class=\"link-more\"><a href=\"https:\/\/escaledelaria-etel.com\/\" class=\"more-link\">Continuer la lecture<span class=\"screen-reader-text\"> de &laquo;&nbsp;Accueil&nbsp;&raquo;<\/span><\/a><\/p>\n","protected":false},"author":1,"featured_media":0,"parent":0,"menu_order":0,"comment_status":"closed","ping_status":"closed","template":"","meta":{"footnotes":""},"class_list":["post-18","page","type-page","status-publish","hentry"],"jetpack_sharing_enabled":true,"_links":{"self":[{"href":"https:\/\/escaledelaria-etel.com\/index.php\/wp-json\/wp\/v2\/pages\/18","targetHints":{"allow":["GET"]}}],"collection":[{"href":"https:\/\/escaledelaria-etel.com\/index.php\/wp-json\/wp\/v2\/pages"}],"about":[{"href":"https:\/\/escaledelaria-etel.com\/index.php\/wp-json\/wp\/v2\/types\/page"}],"author":[{"embeddable":true,"href":"https:\/\/escaledelaria-etel.com\/index.php\/wp-json\/wp\/v2\/users\/1"}],"replies":[{"embeddable":true,"href":"https:\/\/escaledelaria-etel.com\/index.php\/wp-json\/wp\/v2\/comments?post=18"}],"version-history":[{"count":21,"href":"https:\/\/escaledelaria-etel.com\/index.php\/wp-json\/wp\/v2\/pages\/18\/revisions"}],"predecessor-version":[{"id":885,"href":"https:\/\/escaledelaria-etel.com\/index.php\/wp-json\/wp\/v2\/pages\/18\/revisions\/885"}],"wp:attachment":[{"href":"https:\/\/escaledelaria-etel.com\/index.php\/wp-json\/wp\/v2\/media?parent=18"}],"curies":[{"name":"wp","href":"https:\/\/api.w.org\/{rel}","templated":true}]}}