{"id":1944,"date":"2025-10-06T16:19:47","date_gmt":"2025-10-06T14:19:47","guid":{"rendered":"https:\/\/escaledelaria-etel.com\/?page_id=1944"},"modified":"2025-10-06T16:32:11","modified_gmt":"2025-10-06T14:32:11","slug":"balades-et-visites","status":"publish","type":"page","link":"https:\/\/escaledelaria-etel.com\/index.php\/balades-et-visites\/","title":{"rendered":"Balades et Visites"},"content":{"rendered":"\n<div class=\"wp-block-buttons is-layout-flex wp-block-buttons-is-layout-flex\"><\/div>\n\n\n\n<p class=\"has-text-align-left\"><strong>LE MUSEE DES THONIERS<\/strong><\/p>\n\n\n<div class=\"wp-block-image is-style-rectangular\">\n<figure class=\"aligncenter size-full is-resized\"><img loading=\"lazy\" decoding=\"async\" width=\"550\" height=\"367\" src=\"https:\/\/escaledelaria-etel.com\/wp-content\/uploads\/2025\/10\/musee-des-thoniers-etel.jpg\" alt=\"\" class=\"wp-image-1969\" style=\"width:358px;height:auto\" srcset=\"https:\/\/escaledelaria-etel.com\/wp-content\/uploads\/2025\/10\/musee-des-thoniers-etel.jpg 550w, https:\/\/escaledelaria-etel.com\/wp-content\/uploads\/2025\/10\/musee-des-thoniers-etel-300x200.jpg 300w\" sizes=\"auto, (max-width: 550px) 100vw, 550px\" \/><\/figure>\n<\/div>\n\n\n<ul class=\"wp-block-list\">\n<li>Pittoresque et authentique, ce mus\u00e9e associatif raconte une formidable \u00e9pop\u00e9e : celle d\u2019hommes et de femmes, marins et gens de mer, ayant fait d\u2019Etel l\u2019un des plus importants ports p\u00eache fran\u00e7ais entre 1850 et&nbsp; 1970. <\/li>\n<\/ul>\n\n\n\n<p><\/p>\n\n\n\n<p class=\"has-text-align-left\"><strong>LA GLACIERE<\/strong><\/p>\n\n\n<div class=\"wp-block-image\">\n<figure class=\"aligncenter size-full is-resized\"><img loading=\"lazy\" decoding=\"async\" width=\"298\" height=\"169\" src=\"https:\/\/escaledelaria-etel.com\/wp-content\/uploads\/2025\/04\/La-Glaciere.jpeg\" alt=\"\" class=\"wp-image-1954\" style=\"width:366px;height:auto\"\/><\/figure>\n<\/div>\n\n\n<div class=\"wp-block-group\"><div class=\"wp-block-group__inner-container is-layout-constrained wp-block-group-is-layout-constrained\">\n<ul class=\"wp-block-list\">\n<li>Construite en 1937 afin d&rsquo;assurer la production de glace n\u00e9cessaire \u00e0 la conservation du poisson, elle produisait alors 15 tonnes de glace par jour.  Une nouvelle glaci\u00e8re est construite en 1946. Elle produit 100 tonnes de glace par jour.<\/li>\n\n\n\n<li>R\u00e9nov\u00e9e en 2024, elle accueille des expositions temporaires . Elle accueillera \u00e0 terme l&rsquo;office de tourisme et le Mus\u00e9e des Thoniers.<\/li>\n<\/ul>\n<\/div><\/div>\n\n\n\n<p><\/p>\n\n\n\n<div class=\"wp-block-group\"><div class=\"wp-block-group__inner-container is-layout-constrained wp-block-group-is-layout-constrained\">\n<h4 class=\"wp-block-heading has-text-align-left\"><strong>LA BARRE D&rsquo;ETEL<\/strong><\/h4>\n<\/div><\/div>\n\n\n<div class=\"wp-block-image\">\n<figure class=\"aligncenter size-large is-resized\"><img loading=\"lazy\" decoding=\"async\" width=\"738\" height=\"737\" src=\"https:\/\/escaledelaria-etel.com\/wp-content\/uploads\/2025\/10\/Barre-etel-5-edited.jpg\" alt=\"\" class=\"wp-image-1967\" style=\"width:373px;height:auto\" srcset=\"https:\/\/escaledelaria-etel.com\/wp-content\/uploads\/2025\/10\/Barre-etel-5-edited.jpg 738w, https:\/\/escaledelaria-etel.com\/wp-content\/uploads\/2025\/10\/Barre-etel-5-edited-300x300.jpg 300w, https:\/\/escaledelaria-etel.com\/wp-content\/uploads\/2025\/10\/Barre-etel-5-edited-150x150.jpg 150w, https:\/\/escaledelaria-etel.com\/wp-content\/uploads\/2025\/10\/Barre-etel-5-edited-100x100.jpg 100w\" sizes=\"auto, (max-width: 738px) 100vw, 738px\" \/><\/figure>\n<\/div>\n\n\n<p>Ph\u00e9nom\u00e8ne naturel qui doit son nom au banc de sable sous marin situ\u00e9 dans le prolongement des dunes sauvages (Grand Site Dunaire de France).<\/p>\n\n\n\n<p>Cette accumulation sableuse se d\u00e9couvre partiellement \u00e0 la bassemer et de d\u00e9place au gr\u00e9 des vents et des mar\u00e9es. La haute mer qui cache ce haut fond, est appel\u00e9e \u00ab\u00a0la mangeuse d&rsquo;hommes\u00a0\u00bb.<\/p>\n\n\n\n<p>La l\u00e9gende raconte qu&rsquo;Isabelle, une femme tr\u00e8s aim\u00e9e \u00e0 Etel, fut un jour enlev\u00e9e par des pirates. N&rsquo;obtenant aucune aide de l part des habitants, elle d\u00e9cida de se venger et lan\u00e7a une poign\u00e9e de sable dans la Ria, formant ainsi la Barre d&rsquo;Etel &#8230;..<\/p>\n\n\n\n<p><\/p>\n","protected":false},"excerpt":{"rendered":"<p>LE MUSEE DES THONIERS LA GLACIERE LA BARRE D&rsquo;ETEL Ph\u00e9nom\u00e8ne naturel qui doit son nom au banc de sable sous marin situ\u00e9 dans le prolongement des dunes sauvages (Grand Site Dunaire de France). Cette accumulation sableuse se d\u00e9couvre partiellement \u00e0 la bassemer et de d\u00e9place au gr\u00e9 des vents et des mar\u00e9es. La haute mer &hellip; <\/p>\n<p class=\"link-more\"><a href=\"https:\/\/escaledelaria-etel.com\/index.php\/balades-et-visites\/\" class=\"more-link\">Continuer la lecture<span class=\"screen-reader-text\"> de &laquo;&nbsp;Balades et Visites&nbsp;&raquo;<\/span><\/a><\/p>\n","protected":false},"author":1,"featured_media":0,"parent":0,"menu_order":0,"comment_status":"closed","ping_status":"closed","template":"","meta":{"footnotes":""},"class_list":["post-1944","page","type-page","status-publish","hentry"],"jetpack_sharing_enabled":true,"_links":{"self":[{"href":"https:\/\/escaledelaria-etel.com\/index.php\/wp-json\/wp\/v2\/pages\/1944","targetHints":{"allow":["GET"]}}],"collection":[{"href":"https:\/\/escaledelaria-etel.com\/index.php\/wp-json\/wp\/v2\/pages"}],"about":[{"href":"https:\/\/escaledelaria-etel.com\/index.php\/wp-json\/wp\/v2\/types\/page"}],"author":[{"embeddable":true,"href":"https:\/\/escaledelaria-etel.com\/index.php\/wp-json\/wp\/v2\/users\/1"}],"replies":[{"embeddable":true,"href":"https:\/\/escaledelaria-etel.com\/index.php\/wp-json\/wp\/v2\/comments?post=1944"}],"version-history":[{"count":11,"href":"https:\/\/escaledelaria-etel.com\/index.php\/wp-json\/wp\/v2\/pages\/1944\/revisions"}],"predecessor-version":[{"id":1971,"href":"https:\/\/escaledelaria-etel.com\/index.php\/wp-json\/wp\/v2\/pages\/1944\/revisions\/1971"}],"wp:attachment":[{"href":"https:\/\/escaledelaria-etel.com\/index.php\/wp-json\/wp\/v2\/media?parent=1944"}],"curies":[{"name":"wp","href":"https:\/\/api.w.org\/{rel}","templated":true}]}}